+ (7 - (8 - -6)).
-4
9 + -7 - (0 - (3 + -7))
-2
Evaluate -5 + 1 + 0 - -4.
0
What is the value of 1 + 7 + -17 + 7?
-2
Calculate (0 - -1 - 2) + 1.
0
(-2 - -2) + 1 - 1
0
What is (5 - (4 + 3)) + -2?
-4
Evaluate (7 - 2) + -6 - -3.
2
What is the value of (7 - -19) + -12 - 9?
5
Evaluate -1 + 1 - (-28 - -22).
6
-16 - -1 - (60 + -70)
-5
Evaluate -8 + -8 + 8 - (-3 + -2).
-3
What is the value of -4 + -1 + (7 - 5) + 4?
1
Calculate (0 - 4 - 0) + -2.
-6
Calculate 6 + (-17 - -5) - -2.
-4
Evaluate (19 - 16) + (0 - -1).
4
Calculate 0 + -8 + -12 + 12.
-8
What is the value of 7 + (3 - 4) + (-2 - 0)?
4
What is 3 - (6 - (7 + -1))?
3
What is the value of -1 - (-9 + 3) - 0?
5
What is the value of -4 + 9 + -6 + 0?
-1
What is the value of (2 - -1) + -10 + (-1 - -5)?
-3
Calculate 6 - (-3 - -4) - (-6 - -6).
5
What is 9 + -6 + -1 + (0 - 1)?
1
Evaluate 3 + (-8 - -4) - 2.
-3
(-7 - (2 + -1)) + 4
-4
What is the value of 5 + -2 + -2 - -1?
2
Calculate 1 - (3 + 7) - -8.
-1
Evaluate 15 - (2 + 0) - (40 - 37).
10
1 + 1 + 7 + -4
5
2 + (-3 - 2 - -9) + -4
2
Calculate 0 + -2 - (1 + -3) - 3.
-3
What is the value of -5 - (12 + -16) - -6?
5
Evaluate 2 - (3 + 4 + -3 - 5).
3
-3 - ((0 - (7 + 0)) + 0)
4
Calculate (-9 - (5 + -6 + -5)) + -1.
-4
What is 0 + 1 - (-30 + 25)?
6
0 + (3 - (-3 + 9)) + 2
-1
What is 65 + -68 + -1 + 8?
4
Evaluate -6 + (-7 + 1 - -6) + 0.
-6
Evaluate -3 + 2 + 7 + 1.
7
What is the value of 0 - -6 - (15 + -3)?
-6
(-1 - (3 + -9)) + -5
0
(0 + 1 - 2 - -2) + 2
3
What is the value of (1 - 0) + -1 + (4 - 3)?
1
(15 - 6) + -3 + -12
-6
What is the value of (7 - 8) + (3 + -3 - -7)?
6
(-16 - -15) + (4 - 3 - 6)
-6
What is 1 + -12 + 15 + -7 + 0?
-3
What is 1 - 0 - -2 - (3 - 0)?
0
5 + (-5 - 0 - -7) + -1
6
Calculate 4 + (4 - 7) + -2 - -3.
2
What is the value of -3 + 13 + 1 + -10?
1
Evaluate (0 - 3) + 6 - 1.
2
What is the value of (-2 - 5) + (27 - 21)?
-1
Calculate (0 - -6) + -3 - 7.
-4
What is the value of 1 - -2 - (45 - 38)?
-4
What is 2 + (0 - (-4 + 9)) + 4?
1
Evaluate -2 + -1 + -7 + 11 - -1.
2
What is -1 - (7 + -6 + -2)?
0
Calculate (4 - (-7 + 5)) + -4.
2
Evaluate 3 + -3 + 1 - (-13 + 8).
6
What is (4 - 3) + -2 + 4 - 1?
2
Evaluate 7 + 0 + -18 + 6.
-5
Evaluate -7 + (-6 - -16) + -3.
0
What is -2 - (-1 + (0 + 2 - 3))?
0
What is the value of 2 - -1 - (-35 - -39)?
-1
What is (-5 - -3 - 2) + 5 + -1?
0
Calculate (4 - -3 - 2) + 3 + -6.
2
Calculate -6 + (2 - (-11 + 5 - -5)).
-3
6 + -1 + 3 + (1 - 4)
5
What is the value of (3 + 4 - 1) + -3?
3
-2 - (2 - 4) - -5
5
Evaluate -11 + 2 - (8 + -11).
-6
3 + -1 - -3 - 9
-4
(4 - 2) + -4 + -3
-5
What is the value of (1 - -3 - (-20 + 30)) + -1?
-7
-5 - (-4 + -7 + 9)
-3
What is the value of (6 - 2 - 1) + -2?
1
Evaluate 5 - (-2 - (-8 - -2 - -9)).
10
What is -2 + 1 - (7 - 22 - -11)?
3
What is the value of -4 - ((-4 + 1 - -2) + 1)?
-4
1 - (5 - (-1 + 2)) - 3
-6
What is the value of (4 - (3 - (-7 - -2))) + 2?
-2
Evaluate 8 + -3 + (-1 - (-4 + 3)).
5
Evaluate -6 + 3 + (7 - (4 - 0)).
0
What is the value of -5 - (6 + -5 - -4 - 5)?
-5
-12 - (5 + (-10 - (2 + -1)))
-6
What is the value of 0 + -17 + 4 + -8 + 13?
-8
What is the value of (2 - (-4 - 1)) + -9?
-2
-1 + 4 - (9 - (-2 + 6))
-2
Calculate (0 + 1 - (-22 - -21)) + -2.
0
What is the value of -3 - ((8 - -1) + -5 + -9)?
2
What is the value of (-1 - -6) + -3 - (-1 - -6)?
-3
Calculate 11 - (20 + -7 - 7).
5
Calculate 3 - (3 + 0 + (-6 - -2)).
4
What is -6 + -5 + (10 - 0)?
-1
What is the value of -2 - (0 + -5 + 0 + 7)?
-4
What is (-1 - 1) + 3 + (11 - 8)?
4
What is 1 + 5 + -7 + 4 + 2?
5
(4 - 5 - -4) + (-10 - -14)
7
What is the value of 1 + (-5 - (-7 - 3 - -6))?
0
-4 - -3 - (-4 + 5)
-2
What is 1 + 4 + 0 + -5 - 5?
-5
What is -8 + -2 + 2 - (-3 - 3)?
-2
What is the value of 3 + (7 - 2) + -10?
-2
Calculate -10 - (0 - 6 - -3).
-7
-1 - ((-4 - -4) + -1 + -1)
1
Calculate 1 + (2 - 1) - (0 + -2).
4
-1 + -5 + 4 + 1
-1
What is -3 - (2 - 4) - (9 - 7)?
-3
Calculate (9 + -9 - 4) + 1 + -5.
-8
Calculate (2 + -1 - 7) + 32 + -32.
-6
Calculate (18 - 45) + 21 - (-1 + -3).
-2
Evaluate 3 + -6 + 6 - -5.
8
What is the value of 2 + -4 + 5 + -4 + 0?
-1
Evaluate 9 - (-2 + -8 + 5 + 8).
6
What is the value of -18 + 25 + (-9 - (-1 - 2))?
1
What is -9 + (-44 + 62 - (-1 - -2))?
8
What is the value of 3 + (4 + -6 - -2) + 1?
4
2 - (-5 - (6 + -7))
6
Evaluate 0 - (2 - 1 - 1).
0
Calculate 3 - (7 - (4 + -5 + 3)).
-2
3 + -5 + 3 + -7 + 4
-2
-6 + 0 - (0 + -2)
-4
Evaluate -7 + 15 - (2 + 13 - -3).
-10
Calculate 0 - 0 - (-1 - (-4 - -7)).
4
Calculate -10 + (-1 - -3) + (5 - 2).
-5
Evaluate (2 - 1) + 1 + 1 + -4.
-1
What is the value of -1 + -2 - (0 - 0)?
-3
Evaluate (-4 + 7 - 3) + 10.
10
-4 + 3 + 40 + -45
-6
Evaluate (34 - 30) + (-2 - 4).
-2
-10 - (-3 + -14 + 7)
0
Evaluate (0 - -1) + (27 - 9 - 27).
-8
2 + (-4 - 2 - 5) + 4
-5
What is (5 - -1) + (-4 - 3)?
-1
Calculate (1 - 0) + -1 + -2.
-2
0 - -1 - (-1 - -5)
-3
-5 + 3 + 7 + -1
4
What is the value of 8 + -6 + 0 - 3?
-1
(-3 - (-1 + 2)) + 11 + -4
3
5 + (-6 - -4) + -1
2
Evaluate 1 + 0 + (-9 - -8).
0
What is the value of -1 + (-3 - -5) + (0 - -4)?
5
-2 + 8 + 1 + (2 - 5)
4
What is -3 - -1 - (14 + -14)?
-2
What is the value of 7 + 12 - (36 - 22)?
5
What is (-13 - -17) + -9 - (-8 + -1)?
4
-1 + -4 - (76 + -75)
-6
What is (-5 - -6) + 9 - 5?
5
Calculate 1 - -1 - (0 + 9) - -2.
-5
Calculate -1 + -1 + (6 - 6).
-2
1 + (8 + -4 - 0)
5
What is (3 - 7 - -3) + -4?
-5
Evaluate 2 + 6 - (-12 + 16).
4
What is the value of 9 + 3 + -1 - 10?
1
Calculate -1 + (5 - 7 - -4).
1
Calculate 2 + 0 + -1 + -1 + 2.
2
What is 2 + -4 - 3 - 0?
-5
-2 - -3 - (-3 + (3 - 1))
2
What is 6 + ((-4 - -2) + 4 - 8)?
0
What is the value of 9 - (-6 - -9) - 4?
2
Calculate 2 + 1 + -9 + 11.
5
Calculate -2 + 3 + 2 + (1 - 5).
-1
Evaluate 2 - (4 + -4 - 2) - 0.
4
Calculate 5 + (-5 - 4) + 4 - -3.
3
Calculate -6 + 2 + -1 + (4 - 0).
-1
-2 + 5 - ((2 - -5) + -3)
-1
3 + 1 + 2 - 4
2
Evaluate (-1 + -8 - -4) + -1.
-6
What is (4 - -4) + -4 - 0?
4
(11 - 6) + (-6 - 3)
-4
What is the value of 4 - 1 - (4 + (-9 - -4))?
4
Evaluate (-2 - -9) + -15 + 5.
-3
Evaluate (1 - -5) + -1 + -1.
4
What is 2 + 14 + (-5 - 3)?
8
-4 + 0 - (-19 + 18)
-3
What is the value of -5 - -2 - ((-8 - -3) + -2)?
4
-12 + -1 + 0 + 5
-8
(4 - 0) + 1 - 3
2
(-8 - 2) + 5 - 3
-8
-4 + 5 + 2 + -8
-5
-283 + 271 - (-3 - (1 - 1))
-9
8 + (-4 - (-1 - -1))
4
Calculate (2 - (2 - -2)) + 5.
3
What is -7 + 5 - (2 + -1 - 4)?
1
-3 - (1 + (7 - 11))
0
Evaluate (0 - (-7 - -2)) + -7 + 6.
4
What is 14 - (16 + -8) - 10?
-4
Evaluate -1 - (5 + (-5 + 2 - -1)).
-4
What is the value of (2 + -3 - 0) + 5?
4
What is 1 - (-3 - (1 + 1))?
6
What is the value of (-4 - -2 - 3) + 14 + -16?
-7
-5 - (-8 + 1 + 2) - -4
4
Calculate -7 + 4 + 6 + -4.
-1
What is 4 - 1 - (-2 + -3 + 5)?
3
What is -7 + 6 + (6 - -1)?
6
Calculate 15 + -17 + 1 + -5 + -3.
-9
Evaluate 2 + -7 + (0 - -2).
-3
What is 0 - (-3 + 5) - (2 - 0)?
-4
Evaluate (55 - 56 - (1 - -1)) + 0.
-3
Evaluate (-1 - -7 - (-9 - -5)) + 0.
10
What is the value of 0 + 3 + -1 + -2?
0
Evaluate -3 - ((-1 - -3) + -4 - -4).
-5
What is the value of -2 + 1 + (3 - 2 - 0)?
0
-1 - (-2 + (-10 - -5 - -4))
2
What is the value of 20 + -10 + 10 + -10?
10
What is the value of 5 + (4 + -8 + 5 - 2)?
4
Calculate 10 + -39 + 14 + 5.
-10
What is 1 + -5 + 2 + (3 - -3)?
4
What is 7 - (0 + 7 + -1) - 1?
0
-1 + -4 + 7 + 2
4
What is -13 + -10 + 18 + -5 + 2?
-8
Calculate -7 + 1 - (54 + -56).
-4
What is the value of -14 + 6 - -6 - (-2 + 3)?
-3
-7 - (6 - -1) - -9
-5
Evaluate -6 + (-1 - (-1 - (2 + -2))).
-6
(-1 - 0) + (-5 - -2)
-4
What is -4 + (4 - (-6 + 10))?
-4
(-3 - -5) + -1 + 0 - 4
-3
Evaluate -1 - (-3 + -1 - -2).
1
Calculate -22 - -17 - (-10 - -2).
3
What is the value of 4 + 0 + -10 + -9 + 17?
2
Evaluate (-10 - 1) + 7 - 1.
-5
What is 1 + 2 - (-2 - (-3 - -2))?
4
What is the value of -3 - (-3 + -2) - (-7 - -5)?
4
Calculate -6 + 0 + -5 + (13 - 5).
-3
What is the value of -6 + 10 - -2 - (-2 + 5)?
3
What is 9 + 0 - (-3 + (13 - 3))?
2
Evaluate -106 - -101 - (1 - 10).
4
Evaluate (24 - 8 - 12) + -12.
-8
0 + -1 + (68 - 75)
-8
1 - (-6 + -1 + 8)
0
3 + (-4 - -1) - -4
4
What is the value of 17 - 22 - (-1 + 1)?
-5
What is -2 + -4 - -1 - -6?
1
(0 - (-3 + 3 - 1)) + 3
4
What is 40 + -42 + (0 - 1)?
-3
What is (-5 - -2) + 7 + 0?
4
Evaluate -10 - (-8 + 9 + -3).
-8
What is -2 - (4 + -2 - 1)?
-3
What is the value of -2 + -3 + 3 + 2 + 2?
2
Evaluate 8 - 2 - (-76 - -83).
-1
-4 -